s of 131950?
2, 5, 7, 13, 29
List the prime factors of 913.
11, 83
List the prime factors of 511.
7, 73
What are the prime factors of 398?
2, 199
What are the prime factors of 10760?
2, 5, 269
List the prime factors of 161.
7, 23
List the prime factors of 69900.
2, 3, 5, 233
What are the prime factors of 10944?
2, 3, 19
What are the prime factors of 11477?
23, 499
List the prime factors of 672.
2, 3, 7
List the prime factors of 367.
367
What are the prime factors of 14466?
2, 3, 2411
List the prime factors of 5112.
2, 3, 71
List the prime factors of 26525.
5, 1061
List the prime factors of 30827.
29, 1063
List the prime factors of 1133.
11, 103
List the prime factors of 1327.
1327
What are the prime factors of 1185?
3, 5, 79
What are the prime factors of 22156?
2, 29, 191
What are the prime factors of 3525?
3, 5, 47
List the prime factors of 2555.
5, 7, 73
List the prime factors of 1245.
3, 5, 83
What are the prime factors of 22270?
2, 5, 17, 131
List the prime factors of 3872.
2, 11
What are the prime factors of 20965?
5, 7, 599
List the prime factors of 21287.
7, 3041
List the prime factors of 81.
3
List the prime factors of 91961.
91961
What are the prime factors of 16136?
2, 2017
What are the prime factors of 2507?
23, 109
What are the prime factors of 21000?
2, 3, 5, 7
List the prime factors of 3613.
3613
List the prime factors of 15585.
3, 5, 1039
What are the prime factors of 7791?
3, 7, 53
What are the prime factors of 30612?
2, 3, 2551
List the prime factors of 11330.
2, 5, 11, 103
List the prime factors of 1023.
3, 11, 31
List the prime factors of 45885.
3, 5, 7, 19, 23
What are the prime factors of 83022?
2, 3, 101, 137
What are the prime factors of 125?
5
List the prime factors of 4433.
11, 13, 31
List the prime factors of 5412.
2, 3, 11, 41
What are the prime factors of 7058?
2, 3529
What are the prime factors of 109298?
2, 7, 37, 211
List the prime factors of 118.
2, 59
What are the prime factors of 62961?
3, 31, 677
List the prime factors of 59053.
59053
What are the prime factors of 5825?
5, 233
What are the prime factors of 79664?
2, 13, 383
List the prime factors of 897.
3, 13, 23
List the prime factors of 1142.
2, 571
What are the prime factors of 30674?
2, 7, 313
List the prime factors of 59.
59
List the prime factors of 1918.
2, 7, 137
List the prime factors of 15850.
2, 5, 317
List the prime factors of 1930.
2, 5, 193
List the prime factors of 2893.
11, 263
What are the prime factors of 927?
3, 103
What are the prime factors of 23165?
5, 41, 113
List the prime factors of 5435.
5, 1087
List the prime factors of 1745.
5, 349
List the prime factors of 3730.
2, 5, 373
List the prime factors of 913.
11, 83
What are the prime factors of 2309?
2309
What are the prime factors of 6919?
11, 17, 37
List the prime factors of 25981.
25981
What are the prime factors of 11923?
11923
List the prime factors of 463.
463
What are the prime factors of 62004?
2, 3, 5167
List the prime factors of 18521.
18521
What are the prime factors of 15247?
79, 193
What are the prime factors of 6703?
6703
List the prime factors of 11534.
2, 73, 79
List the prime factors of 2811.
3, 937
List the prime factors of 1794.
2, 3, 13, 23
What are the prime factors of 6851?
13, 17, 31
What are the prime factors of 8537?
8537
List the prime factors of 121194.
2, 3, 6733
What are the prime factors of 1216?
2, 19
List the prime factors of 25134.
2, 3, 59, 71
List the prime factors of 157939.
43, 3673
What are the prime factors of 12244?
2, 3061
What are the prime factors of 7953?
3, 11, 241
List the prime factors of 20914.
2, 10457
What are the prime factors of 108243?
3, 19, 211
What are the prime factors of 7736?
2, 967
What are the prime factors of 11043?
3, 409
List the prime factors of 6219.
3, 691
What are the prime factors of 19930?
2, 5, 1993
List the prime factors of 896.
2, 7
List the prime factors of 5355.
3, 5, 7, 17
What are the prime factors of 441?
3, 7
What are the prime factors of 50?
2, 5
What are the prime factors of 28453?
37, 769
List the prime factors of 54659.
11, 4969
List the prime factors of 18373.
19, 967
List the prime factors of 5301.
3, 19, 31
List the prime factors of 632.
2, 79
List the prime factors of 40210.
2, 5, 4021
List the prime factors of 42252.
2, 3, 7, 503
List the prime factors of 130.
2, 5, 13
List the prime factors of 38243.
167, 229
List the prime factors of 1557.
3, 173
What are the prime factors of 1743?
3, 7, 83
What are the prime factors of 2145?
3, 5, 11, 13
List the prime factors of 558.
2, 3, 31
What are the prime factors of 528?
2, 3, 11
List the prime factors of 15932.
2, 7, 569
List the prime factors of 530.
2, 5, 53
List the prime factors of 21477.
3, 7159
List the prime factors of 14251.
14251
List the prime factors of 9732.
2, 3, 811
List the prime factors of 3686.
2, 19, 97
List the prime factors of 33663.
3, 7, 229
List the prime factors of 694.
2, 347
What are the prime factors of 1497?
3, 499
What are the prime factors of 28?
2, 7
List the prime factors of 5134.
2, 17, 151
What are the prime factors of 403?
13, 31
List the prime factors of 81225.
3, 5, 19
List the prime factors of 173.
173
What are the prime factors of 47462?
2, 19, 1249
What are the prime factors of 7895?
5, 1579
What are the prime factors of 25824?
2, 3, 269
What are the prime factors of 1765?
5, 353
What are the prime factors of 12034?
2, 11, 547
List the prime factors of 4943.
4943
List the prime factors of 25.
5
List the prime factors of 41772.
2, 3, 59
List the prime factors of 1385.
5, 277
What are the prime factors of 4161?
3, 19, 73
List the prime factors of 1477.
7, 211
What are the prime factors of 121152?
2, 3, 631
List the prime factors of 138288.
2, 3, 43, 67
What are the prime factors of 97880?
2, 5, 2447
What are the prime factors of 858?
2, 3, 11, 13
List the prime factors of 17507.
7, 41, 61
What are the prime factors of 297?
3, 11
List the prime factors of 14325.
3, 5, 191
What are the prime factors of 11215?
5, 2243
What are the prime factors of 2257?
37, 61
What are the prime factors of 1550?
2, 5, 31
List the prime factors of 2051.
7, 293
List the prime factors of 13501.
23, 587
List the prime factors of 17566.
2, 8783
What are the prime factors of 4002?
2, 3, 23, 29
What are the prime factors of 99731?
19, 29, 181
What are the prime factors of 41310?
2, 3, 5, 17
List the prime factors of 26100.
2, 3, 5, 29
List the prime factors of 15799.
7, 37, 61
List the prime factors of 16496.
2, 1031
What are the prime factors of 962?
2, 13, 37
List the prime factors of 62327.
62327
List the prime factors of 1153.
1153
What are the prime factors of 308?
2, 7, 11
List the prime factors of 78512.
2, 7, 701
What are the prime factors of 4737?
3, 1579
What are the prime factors of 51012?
2, 3, 13, 109
List the prime factors of 2352.
2, 3, 7
What are the prime factors of 8063?
11, 733
What are the prime factors of 52448?
2, 11, 149
What are the prime factors of 128066?
2, 64033
What are the prime factors of 11763?
3, 1307
What are the prime factors of 2828?
2, 7, 101
List the prime factors of 47064.
2, 3, 37, 53
What are the prime factors of 30265?
5, 6053
What are the prime factors of 14463?
3, 1607
List the prime factors of 2012.
2, 503
List the prime factors of 17921.
17921
List the prime factors of 104.
2, 13
What are the prime factors of 45371?
59, 769
What are the prime factors of 1035?
3, 5, 23
List the prime factors of 7759.
7759
What are the prime factors of 7777?
7, 11, 101
What are the prime factors of 17515?
5, 31, 113
What are the prime factors of 431?
431
List the prime factors of 14640.
2, 3, 5, 61
What are the prime factors of 8475?
3, 5, 113
What are the prime factors of 11609?
13, 19, 47
List the prime factors of 3672.
2, 3, 17
List the prime factors of 2450.
2, 5, 7
List the prime factors of 110204.
2, 27551
What are the prime factors of 42982?
2, 21491
What are the prime factors of 1007?
19, 53
List the prime factors of 19164.
2, 3, 1597
What are the prime factors of 20701?
127, 163
What are the prime factors of 898?
2, 449
What are the prime factors of 2700?
2, 3, 5
List the prime factors of 13507.
13, 1039
What are the prime factors of 7321?
7321
What are the prime factors of 1448?
2, 181
What are the prim